6*m + 21*m - 3*j = 12710. Calculate the remainder when m is divided by 19.
18
Suppose -45*o + 47*o - 8 = 0. Suppose o*y - 5*r - 177 = y, 2*y - 131 = -r. What is the remainder when y is divided by 22?
20
Suppose -s = -4*s. Suppose 3*q + 4*g = -s*g + 110, -5*q + 230 = -5*g. Calculate the remainder when q is divided by 4 + (10 - (-4 + 7)).
9
Let v = 1501 - 1456. Calculate the remainder when (-48)/(-15)*110/2 is divided by v.
41
Let r be 2/(-10) + (-276)/(-30). Let v be (52/(-12))/((-1)/r). Calculate the remainder when 65 is divided by (-2)/(-3) + 832/v.
21
Let w(m) = m**2 + 8*m + 11. Let t be w(-7). Suppose 3*c + t*a = 2*c + 42, 2*c + 2*a = 54. What is the remainder when c is divided by 4?
2
Suppose 0 = 3*r - 2*r - 5. Suppose 5*a + 20 = 0, -b = -r*a + a - 51. What is the remainder when 104 is divided by b?
34
Let l be -1*1 - (-6 + -7). Suppose l*z + 6 = 15*z. Calculate the remainder when 5 is divided by z.
1
Let v(w) = 2*w**2 - 2*w - 1. Let p be v(2). What is the remainder when (-524)/(-22) + (-28)/(-154) is divided by ((-1)/p)/((-4)/108)?
6
Let k(n) = 7*n**3 - 26*n**2 + 3*n - 11. What is the remainder when 120 is divided by k(4)?
21
Let t(j) = -9*j + 9. Let a be t(-6). Suppose 4*w = -5*b + 257, b + 0*w - 5*w = a. Suppose -2*s - b = -3*s. Calculate the remainder when s is divided by 14.
11
Let a = 6 - 4. Suppose a*m + g = 472, -5*m = -4*g - 403 - 764. Suppose 5*i - m = -15. What is the remainder when i is divided by 12?
8
Let p be 12*1*3/6. Suppose 0 = r + t - 7, -t = -5*r + 53 + p. What is the remainder when -6 - (6/9)/(20/(-1470)) is divided by r?
10
Suppose -20*u + 290 + 850 = 0. Calculate the remainder when u is divided by 14.
1
Let u be 1/3 + 74/(-6). Let l = u + 29. Let k(s) = -s + 2. What is the remainder when l is divided by k(-2)?
1
Let j(i) = -20*i + 6. Let a be j(-7). Let m = a - 76. Suppose -6*b + m = -b. What is the remainder when 25 is divided by b?
11
Let n = 1176 + -308. Calculate the remainder when n is divided by 13.
10
Let o = -5 + 14. Suppose 5*r - 17 = 4*s - 47, -2*r = 3*s - 11. Let b(n) = 3*n. What is the remainder when b(s) is divided by o?
6
Let h = -25 - -46. What is the remainder when (-8 - 1260/27)*(-15)/10 is divided by h?
19
Suppose -15*w = -847 - 578. Let v = 3 - -9. What is the remainder when w is divided by v?
11
What is the remainder when 36 is divided by (-5 - -4)/(5/(-145))?
7
Let b(g) = -g + 3. Suppose -3*u = -9*u - 78. Calculate the remainder when 78 is divided by b(u).
14
Suppose -6*m = 210 - 0. What is the remainder when 30 is divided by (-2 - m)/(3 + 0)?
8
What is the remainder when 58 is divided by 8 - (-8 + 21/7)?
6
Suppose -4*h + 4*l + 38 = 2*l, 0 = -4*h + l + 43. What is the remainder when h is divided by 2/4 - 9/(-2)?
2
Let q(c) = c + 15. Let r = 154 + -111. What is the remainder when r is divided by q(-4)?
10
Suppose 18 = -2*y + j + 33, 0 = 5*y + 2*j - 33. What is the remainder when 65 is divided by y?
2
Let o be (8/16 - 2*1)*-2. Calculate the remainder when o + 1 - (-130)/2 is divided by 35.
34
What is the remainder when 119 - (-8 + 4 + 4) is divided by 4*((-3 - -5) + 4)?
23
Let j = 9 - 9. Suppose j = 5*z - 2 - 8. Calculate the remainder when z is divided by 1.
0
Suppose 3*d = 4*o - 295, 0 = -3*o - 4*d + 29 + 186. Calculate the remainder when 115 is divided by o.
42
Let n = -383 + 408. Calculate the remainder when 296 is divided by n.
21
Suppose 2*x - 3*d = -23 + 423, x - 213 = -5*d. What is the remainder when x is divided by 6?
5
Suppose 48*o - 18*o = 14790. Calculate the remainder when o is divided by 62.
59
Let o = 242 + -226. Calculate the remainder when 301 is divided by o.
13
Let w = 281 - 269. What is the remainder when 8/(-20) - 234/(-10) is divided by w?
11
Suppose 14*f = 10*f + 60. Let m = 65 + 54. Calculate the remainder when m is divided by f.
14
Let j = -188 + 113. Let s = -49 - j. Suppose -3*w + 70 = 2*w. Calculate the remainder when s is divided by w.
12
Let h = 84 - 44. Calculate the remainder when (0 - -1)*9*1 is divided by (-3 + h/12)*9.
0
Let z(f) = 138*f + 866. What is the remainder when 254 is divided by z(-6)?
26
Suppose l = -5*d + 38, -10 = -d - l + 2*l. Calculate the remainder when 19 is divided by d.
3
Let u(j) = -20*j - 18. Let y = -37 - -33. What is the remainder when u(y) is divided by 18?
8
Suppose -4 = -q + 7. Suppose 0 = g + q - 45. Let h(l) = l**2 + 10*l + 7. What is the remainder when g is divided by h(-11)?
16
Let j = 83 + -49. Suppose 10*h - 8*h + 8 = 0, -4*o + h = -24. Let z = 14 - o. Calculate the remainder when j is divided by z.
7
Suppose 2*y + 232 = 3*f, -2*f - 2*f + 312 = -4*y. Suppose 0 = -l + 7*l - 366. Let d = l - 35. What is the remainder when f is divided by d?
24
Let x = -115 - -123. Calculate the remainder when 22 is divided by x.
6
Suppose 14 = 5*c + o, 4*o = -c - 0*o + 18. Suppose -3*y + 6 + 15 = 0. What is the remainder when y is divided by c?
1
Let t be (-45)/(-6)*12/(-5). Suppose -3*x = -v - x + 38, -v + 5*x = -32. Let k = v - t. Calculate the remainder when k is divided by 31.
29
Let l = -2414 - -2428. Calculate the remainder when 2587 is divided by l.
11
Suppose -324 = -24*b + 180. Calculate the remainder when 354 is divided by b.
18
Let v = -6 + 19. Suppose -2*j + v = -37. Calculate the remainder when 4/14 - 1368/(-14) is divided by j.
23
Let c be 3*(2 - (0 - -15)). Let v be (4 + 5/2)*10. Let i = c + v. What is the remainder when 49 is divided by i?
23
Suppose -33*w - 25*w + 5858 = 0. What is the remainder when w is divided by 45?
11
Let q(i) = i**2 + 10*i + 7. Let l = 145 - 75. What is the remainder when l is divided by q(-11)?
16
Suppose -11*t = -66 - 77. Let f = -2 - -12. Let q = -3 + f. What is the remainder when t is divided by q?
6
Let w = 544 + -84. Calculate the remainder when w is divided by 14.
12
Suppose 3*h + y + 26 - 429 = 0, -4*y = -5*h + 666. What is the remainder when 139 is divided by h?
5
Let l = -105 - -208. Let b(y) = 3*y**2 - 1. Suppose 7 = 2*c + 1. What is the remainder when l is divided by b(c)?
25
Let a = -55 - -80. Let h be (-4)/(-5) - 2/(-10). What is the remainder when a is divided by (7*(3 + h))/2?
11
Let x(t) = -t - 4. Let u be x(-5). Suppose -u = -l + 4. What is the remainder when l is divided by (3 + 13/(-3))/(6/(-9))?
1
Let k(j) = 32*j - 222. Let r be k(7). Suppose -3*s + 8 = -4. Calculate the remainder when -2 + s + 11 + r is divided by 6.
3
What is the remainder when (343 - (6 + -3)) + 3 is divided by 58?
53
Let q be (-1 - (-10)/8) + 5487/(-124). Let h = -17 - q. What is the remainder when 104 + 0/(-2 - -1) is divided by h?
23
Let h(y) = y**2 - 11*y - 36. Let o(j) = 2*j**2 + 9*j + 10. Let m be o(-5). Calculate the remainder when 119 is divided by h(m).
23
Let q be (-2)/(-2) - (-18)/(-3). Let w be q/(10/(-4)) - -2. Suppose -w = -o + 4. What is the remainder when 14 is divided by o?
6
Suppose 0 = -4*u + 7 + 13. Suppose -3*d - 20 = -5*n + n, u*d = -3*n + 44. Calculate the remainder when n is divided by 3.
2
Suppose -19*b = -42 - 15. Calculate the remainder when 10 is divided by b.
1
Let h(s) = 3*s**2 + 38*s - 212. Calculate the remainder when h(5) is divided by 14.
11
Suppose 2*c = -6, -29 = -3*a - 5*c + 7. Calculate the remainder when 56 is divided by a.
5
Let y(u) = 43*u + 3. Let i = -1503 + 1537. What is the remainder when y(3) is divided by i?
30
Let r(t) = 9*t + 6. Let m be r(-5). Let x = m + 78. What is the remainder when x is divided by 14?
11
Let h = -36 - 1. Let t = h + 46. Calculate the remainder when (-3)/(-1)*70/6 is divided by t.
8
Suppose 0 = -2*j + 22 - 16. Suppose -k + 94 = -j. What is the remainder when k is divided by 25?
22
Let q(i) = -8*i - 4. Suppose -378 = -c - 6*c. What is the remainder when c is divided by q(-4)?
26
Let q(k) = -2*k**2 + 14*k + 9. Let x be q(11). Let g = -55 - x. Let s(f) = -6*f - 3. Calculate the remainder when g is divided by s(-2).
6
Let z(l) = -l**3 - 2*l**2 + 9*l + 8. What is the remainder when z(-5) is divided by (-2)/(-4) - (-174)/12?
8
Suppose 0 = -10*i + 13*i - 294. Suppose i = 3*y + 2*v, 5*v - 112 + 32 = -2*y. What is the remainder when 59 is divided by y?
29
Suppose -37*m + 39483 = 4*m. Calculate the remainder when m is divided by 23.
20
Suppose 5*y + 0*a + a + 4 = 0, -4*a - 16 = 0. Suppose -6*d + d + 45 = y. Calculate the remainder when 35 is divided by d.
8
